{"id":631,"date":"2021-08-27T15:50:11","date_gmt":"2021-08-27T18:50:11","guid":{"rendered":"https:\/\/brants.com.br\/novo\/?page_id=631"},"modified":"2021-08-27T15:50:11","modified_gmt":"2021-08-27T18:50:11","slug":"alarmes-e-cerca-eletrica","status":"publish","type":"page","link":"https:\/\/brants.com.br\/novo\/seguranca-eletronica\/alarmes-e-cerca-eletrica\/","title":{"rendered":"Alarmes e Cerca El\u00e9trica"},"content":{"rendered":"<p>[vc_row][vc_column width=&#8221;2\/3&#8243;]<div class=\"porto-animation  overflow-hidden mb-2\">[vc_custom_heading text=&#8221;PROTEJA SUA CASA E SEU NEG\u00d3CIO&#8221; font_container=&#8221;tag:p|text_align:left|color:%23acb4be|line_height:1&#8243; use_theme_fonts=&#8221;yes&#8221; text_transform=&#8221;text-uppercase&#8221; font_weight=&#8221;700&#8243; animation_delay=&#8221;600&#8243; el_class=&#8221;mb-0&#8243; animation_type=&#8221;maskUp&#8221;]<\/div><div class=\"porto-animation  overflow-hidden mb-4\">[vc_custom_heading text=&#8221;Instala\u00e7\u00e3o de Alarmes e Cerca El\u00e9trica em Campinas&#8221; font_container=&#8221;tag:h2|font_size:2.3em|text_align:left|line_height:1.2&#8243; use_theme_fonts=&#8221;yes&#8221; animation_delay=&#8221;800&#8243; el_class=&#8221;mb-0&#8243; animation_type=&#8221;maskUp&#8221;]<\/div>[vc_custom_heading text=&#8221;Atualmente na busca por seguran\u00e7a patrimonial encontramos in\u00fameras possibilidades e n\u00edveis de seguran\u00e7a, a Instala\u00e7\u00e3o de uma Cerca El\u00e9trica esta entre elas.<\/p>\n<p>Uma barreira de seguran\u00e7a que se distingue das demais por utilizar a eletricidade como meio de intimida\u00e7\u00e3o e de recha\u00e7ar invasores. Ela n\u00e3o tem como intuito provocar o \u00f3bito, sua fun\u00e7\u00e3o \u00e9 repelir causando um efeito de desconforto por meio da puls\u00e3o el\u00e9trica; para isso a amperagem utilizada (intensidade da corrente el\u00e9trica) deve ser muito baixa, ent\u00e3o a empresa que instala esse tipo de Item de seguran\u00e7a, deve ter proced\u00eancia no mercado.<\/p>\n<p>A Cerca el\u00e9trica tem seu funcionamento usando a rede el\u00e9trica com 110 ou 220 V, com um pequeno gerador converte a energia em uma tens\u00e3o, e essa, resultando em uma corrente baixa, para evita o risco de ser letal.&#8221; font_container=&#8221;tag:p|font_size:1.1em|text_align:left&#8221; use_theme_fonts=&#8221;yes&#8221; animation_delay=&#8221;1000&#8243; el_class=&#8221;pt-3 pb-1 mb-4&#8243; animation_type=&#8221;fadeInUp&#8221;][\/vc_column][vc_column width=&#8221;1\/3&#8243;]<div class=\"porto-animation \" data-appear-animation=\"fadeInUp\" data-appear-animation-delay=\"1400\">[vc_single_image image=&#8221;632&#8243; img_size=&#8221;full&#8221; alignment=&#8221;center&#8221; el_class=&#8221;mb-0 position-relative z-index-1&#8243; label=&#8221;&#8221;]<\/div>[\/vc_column][\/vc_row]<\/p>\n","protected":false},"excerpt":{"rendered":"<p>[vc_row][vc_column width=&#8221;2\/3&#8243;][vc_custom_heading text=&#8221;Atualmente na busca por seguran\u00e7a patrimonial encontramos in\u00fameras possibilidades e n\u00edveis de seguran\u00e7a, a Instala\u00e7\u00e3o de uma Cerca El\u00e9trica esta entre elas. Uma barreira de seguran\u00e7a que se distingue das demais por utilizar a eletricidade como meio de intimida\u00e7\u00e3o e de recha\u00e7ar invasores. Ela n\u00e3o tem como intuito provocar o \u00f3bito, sua fun\u00e7\u00e3o [&hellip;]<\/p>\n","protected":false},"author":1,"featured_media":0,"parent":614,"menu_order":0,"comment_status":"closed","ping_status":"closed","template":"","meta":{"footnotes":""},"class_list":["post-631","page","type-page","status-publish","hentry"],"yoast_head":"<!-- This site is optimized with the Yoast SEO Premium plugin v16.8 (Yoast SEO v16.8) - https:\/\/yoast.com\/wordpress\/plugins\/seo\/ -->\n<title>Alarmes e Cerca El\u00e9trica - Brants Solu\u00e7\u00f5es<\/title>\n<meta name=\"robots\" content=\"index, follow, max-snippet:-1, max-image-preview:large, max-video-preview:-1\" \/>\n<link rel=\"canonical\" href=\"https:\/\/brants.com.br\/novo\/seguranca-eletronica\/alarmes-e-cerca-eletrica\/\" \/>\n<meta property=\"og:locale\" content=\"pt_BR\" \/>\n<meta property=\"og:type\" content=\"article\" \/>\n<meta property=\"og:title\" content=\"Alarmes e Cerca El\u00e9trica\" \/>\n<meta property=\"og:description\" content=\"[vc_row][vc_column width=&#8221;2\/3&#8243;][vc_custom_heading text=&#8221;Atualmente na busca por seguran\u00e7a patrimonial encontramos in\u00fameras possibilidades e n\u00edveis de seguran\u00e7a, a Instala\u00e7\u00e3o de uma Cerca El\u00e9trica esta entre elas. Uma barreira de seguran\u00e7a que se distingue das demais por utilizar a eletricidade como meio de intimida\u00e7\u00e3o e de recha\u00e7ar invasores. Ela n\u00e3o tem como intuito provocar o \u00f3bito, sua fun\u00e7\u00e3o [&hellip;]\" \/>\n<meta property=\"og:url\" content=\"https:\/\/brants.com.br\/novo\/seguranca-eletronica\/alarmes-e-cerca-eletrica\/\" \/>\n<meta property=\"og:site_name\" content=\"Brants Solu\u00e7\u00f5es\" \/>\n<meta name=\"twitter:card\" content=\"summary_large_image\" \/>\n<meta name=\"twitter:label1\" content=\"Est. tempo de leitura\" \/>\n\t<meta name=\"twitter:data1\" content=\"1 minuto\" \/>\n<script type=\"application\/ld+json\" class=\"yoast-schema-graph\">{\"@context\":\"https:\/\/schema.org\",\"@graph\":[{\"@type\":\"Organization\",\"@id\":\"https:\/\/brants.com.br\/novo\/#organization\",\"name\":\"Brant's Solu\\u00e7\\u00f5es\",\"url\":\"https:\/\/brants.com.br\/novo\/\",\"sameAs\":[],\"logo\":{\"@type\":\"ImageObject\",\"@id\":\"https:\/\/brants.com.br\/novo\/#logo\",\"inLanguage\":\"pt-BR\",\"url\":\"https:\/\/brants.com.br\/novo\/wp-content\/uploads\/2021\/07\/logo.png\",\"contentUrl\":\"https:\/\/brants.com.br\/novo\/wp-content\/uploads\/2021\/07\/logo.png\",\"width\":220,\"height\":46,\"caption\":\"Brant's Solu\\u00e7\\u00f5es\"},\"image\":{\"@id\":\"https:\/\/brants.com.br\/novo\/#logo\"}},{\"@type\":\"WebSite\",\"@id\":\"https:\/\/brants.com.br\/novo\/#website\",\"url\":\"https:\/\/brants.com.br\/novo\/\",\"name\":\"Brants Solu\\u00e7\\u00f5es\",\"description\":\"T.I e Seguran\\u00e7a Eletr\\u00f4nica\",\"publisher\":{\"@id\":\"https:\/\/brants.com.br\/novo\/#organization\"},\"potentialAction\":[{\"@type\":\"SearchAction\",\"target\":{\"@type\":\"EntryPoint\",\"urlTemplate\":\"https:\/\/brants.com.br\/novo\/?s={search_term_string}\"},\"query-input\":\"required name=search_term_string\"}],\"inLanguage\":\"pt-BR\"},{\"@type\":\"WebPage\",\"@id\":\"https:\/\/brants.com.br\/novo\/seguranca-eletronica\/alarmes-e-cerca-eletrica\/#webpage\",\"url\":\"https:\/\/brants.com.br\/novo\/seguranca-eletronica\/alarmes-e-cerca-eletrica\/\",\"name\":\"Alarmes e Cerca El\\u00e9trica - Brants Solu\\u00e7\\u00f5es\",\"isPartOf\":{\"@id\":\"https:\/\/brants.com.br\/novo\/#website\"},\"datePublished\":\"2021-08-27T18:50:11+00:00\",\"dateModified\":\"2021-08-27T18:50:11+00:00\",\"breadcrumb\":{\"@id\":\"https:\/\/brants.com.br\/novo\/seguranca-eletronica\/alarmes-e-cerca-eletrica\/#breadcrumb\"},\"inLanguage\":\"pt-BR\",\"potentialAction\":[{\"@type\":\"ReadAction\",\"target\":[\"https:\/\/brants.com.br\/novo\/seguranca-eletronica\/alarmes-e-cerca-eletrica\/\"]}]},{\"@type\":\"BreadcrumbList\",\"@id\":\"https:\/\/brants.com.br\/novo\/seguranca-eletronica\/alarmes-e-cerca-eletrica\/#breadcrumb\",\"itemListElement\":[{\"@type\":\"ListItem\",\"position\":1,\"name\":\"Home\",\"item\":\"https:\/\/brants.com.br\/novo\/\"},{\"@type\":\"ListItem\",\"position\":2,\"name\":\"Seguran\\u00e7a Eletr\\u00f4nica\",\"item\":\"https:\/\/brants.com.br\/novo\/seguranca-eletronica\/\"},{\"@type\":\"ListItem\",\"position\":3,\"name\":\"Alarmes e Cerca El\\u00e9trica\"}]}]}<\/script>\n<!-- \/ Yoast SEO Premium plugin. -->","yoast_head_json":{"title":"Alarmes e Cerca El\u00e9trica - Brants Solu\u00e7\u00f5es","robots":{"index":"index","follow":"follow","max-snippet":"max-snippet:-1","max-image-preview":"max-image-preview:large","max-video-preview":"max-video-preview:-1"},"canonical":"https:\/\/brants.com.br\/novo\/seguranca-eletronica\/alarmes-e-cerca-eletrica\/","og_locale":"pt_BR","og_type":"article","og_title":"Alarmes e Cerca El\u00e9trica","og_description":"[vc_row][vc_column width=&#8221;2\/3&#8243;][vc_custom_heading text=&#8221;Atualmente na busca por seguran\u00e7a patrimonial encontramos in\u00fameras possibilidades e n\u00edveis de seguran\u00e7a, a Instala\u00e7\u00e3o de uma Cerca El\u00e9trica esta entre elas. Uma barreira de seguran\u00e7a que se distingue das demais por utilizar a eletricidade como meio de intimida\u00e7\u00e3o e de recha\u00e7ar invasores. Ela n\u00e3o tem como intuito provocar o \u00f3bito, sua fun\u00e7\u00e3o [&hellip;]","og_url":"https:\/\/brants.com.br\/novo\/seguranca-eletronica\/alarmes-e-cerca-eletrica\/","og_site_name":"Brants Solu\u00e7\u00f5es","twitter_card":"summary_large_image","twitter_misc":{"Est. tempo de leitura":"1 minuto"},"schema":{"@context":"https:\/\/schema.org","@graph":[{"@type":"Organization","@id":"https:\/\/brants.com.br\/novo\/#organization","name":"Brant's Solu\u00e7\u00f5es","url":"https:\/\/brants.com.br\/novo\/","sameAs":[],"logo":{"@type":"ImageObject","@id":"https:\/\/brants.com.br\/novo\/#logo","inLanguage":"pt-BR","url":"https:\/\/brants.com.br\/novo\/wp-content\/uploads\/2021\/07\/logo.png","contentUrl":"https:\/\/brants.com.br\/novo\/wp-content\/uploads\/2021\/07\/logo.png","width":220,"height":46,"caption":"Brant's Solu\u00e7\u00f5es"},"image":{"@id":"https:\/\/brants.com.br\/novo\/#logo"}},{"@type":"WebSite","@id":"https:\/\/brants.com.br\/novo\/#website","url":"https:\/\/brants.com.br\/novo\/","name":"Brants Solu\u00e7\u00f5es","description":"T.I e Seguran\u00e7a Eletr\u00f4nica","publisher":{"@id":"https:\/\/brants.com.br\/novo\/#organization"},"potentialAction":[{"@type":"SearchAction","target":{"@type":"EntryPoint","urlTemplate":"https:\/\/brants.com.br\/novo\/?s={search_term_string}"},"query-input":"required name=search_term_string"}],"inLanguage":"pt-BR"},{"@type":"WebPage","@id":"https:\/\/brants.com.br\/novo\/seguranca-eletronica\/alarmes-e-cerca-eletrica\/#webpage","url":"https:\/\/brants.com.br\/novo\/seguranca-eletronica\/alarmes-e-cerca-eletrica\/","name":"Alarmes e Cerca El\u00e9trica - Brants Solu\u00e7\u00f5es","isPartOf":{"@id":"https:\/\/brants.com.br\/novo\/#website"},"datePublished":"2021-08-27T18:50:11+00:00","dateModified":"2021-08-27T18:50:11+00:00","breadcrumb":{"@id":"https:\/\/brants.com.br\/novo\/seguranca-eletronica\/alarmes-e-cerca-eletrica\/#breadcrumb"},"inLanguage":"pt-BR","potentialAction":[{"@type":"ReadAction","target":["https:\/\/brants.com.br\/novo\/seguranca-eletronica\/alarmes-e-cerca-eletrica\/"]}]},{"@type":"BreadcrumbList","@id":"https:\/\/brants.com.br\/novo\/seguranca-eletronica\/alarmes-e-cerca-eletrica\/#breadcrumb","itemListElement":[{"@type":"ListItem","position":1,"name":"Home","item":"https:\/\/brants.com.br\/novo\/"},{"@type":"ListItem","position":2,"name":"Seguran\u00e7a Eletr\u00f4nica","item":"https:\/\/brants.com.br\/novo\/seguranca-eletronica\/"},{"@type":"ListItem","position":3,"name":"Alarmes e Cerca El\u00e9trica"}]}]}},"_links":{"self":[{"href":"https:\/\/brants.com.br\/novo\/wp-json\/wp\/v2\/pages\/631","targetHints":{"allow":["GET"]}}],"collection":[{"href":"https:\/\/brants.com.br\/novo\/wp-json\/wp\/v2\/pages"}],"about":[{"href":"https:\/\/brants.com.br\/novo\/wp-json\/wp\/v2\/types\/page"}],"author":[{"embeddable":true,"href":"https:\/\/brants.com.br\/novo\/wp-json\/wp\/v2\/users\/1"}],"replies":[{"embeddable":true,"href":"https:\/\/brants.com.br\/novo\/wp-json\/wp\/v2\/comments?post=631"}],"version-history":[{"count":1,"href":"https:\/\/brants.com.br\/novo\/wp-json\/wp\/v2\/pages\/631\/revisions"}],"predecessor-version":[{"id":633,"href":"https:\/\/brants.com.br\/novo\/wp-json\/wp\/v2\/pages\/631\/revisions\/633"}],"up":[{"embeddable":true,"href":"https:\/\/brants.com.br\/novo\/wp-json\/wp\/v2\/pages\/614"}],"wp:attachment":[{"href":"https:\/\/brants.com.br\/novo\/wp-json\/wp\/v2\/media?parent=631"}],"curies":[{"name":"wp","href":"https:\/\/api.w.org\/{rel}","templated":true}]}}